 - 15?
-7
What is 1 - (3 - (-1 + 6))?
3
5 + -2 + -5 + 6
4
What is the value of (17 + -12 - 5) + -9?
-9
What is (-1 - 6) + 22 + 20 + -45?
-10
What is the value of (85 - 91) + (-3 - -1)?
-8
What is -1 - (-4 - (0 - 4))?
-1
Calculate (6 - 7) + 10 + -2.
7
Calculate (11 + -6 - -6) + (-3 - 3).
5
What is 2 + -4 + (-1 - (0 - 0))?
-3
Calculate 9 - 8 - (2 - 0 - 1).
0
What is (-4 - -8) + -1 - 0?
3
What is the value of 4 + (10 - 23) + 7?
-2
What is 9 + -16 + 6 + -4?
-5
Calculate 18 + -14 - (0 - -7).
-3
-1 + 1 - (-10 + 8)
2
Calculate 3 + 10 + -5 + -4 + -7.
-3
Calculate -15 + 0 + (-1 - -9).
-7
Evaluate 5 - 9 - (2 - 11).
5
0 + -15 + (31 - 28) + 3
-9
What is the value of 2 - (0 + 3 - 0)?
-1
What is the value of (-6 - (-8 - 6)) + 0?
8
What is the value of -9 - ((0 - -3) + -7)?
-5
What is the value of 32 + -31 + (5 - (0 + 2))?
4
Calculate 1 + (1 - -5) + (1 - 4).
4
What is (6 - (10 + -2 + -3)) + 3?
4
Evaluate -7 - (-4 + 5 - 5).
-3
-11 - -8 - -1 - 3
-5
Evaluate -1 + -6 - (-3 + 0).
-4
What is 0 + (-2 - 0) + 0?
-2
What is -3 - (3 - (4 - -2))?
0
What is the value of 1 + (2 - 7) + 0 + 9?
5
What is -13 - (13 - (9 - -11))?
-6
What is the value of -5 + (5 - (-14 - -11))?
3
Evaluate (4 - (-2 - -2)) + -14 + 6.
-4
What is (-7 + (-3 - -6) - -3) + 3?
2
-6 + (-5 - -9) + 5
3
What is 1 + 6 - (-1 - -11)?
-3
What is the value of 7 + 3 + -8 + 2?
4
What is -1 + (1 + 4 - 2)?
2
What is the value of -6 - (-1 + 2 + (-1 - 4))?
-2
Evaluate 25 + -17 + 0 + -1 + -1.
6
Calculate (-6 - (-1 - 2)) + 2.
-1
Evaluate -3 + 2 + -4 + 2 - 1.
-4
Calculate -8 + (-3 + -1 - -7).
-5
Calculate -6 + -1 - (-15 + -2 - 1).
11
Calculate -5 + 17 + 9 + -17.
4
What is (0 - 3) + 13 + (-8 - 1)?
1
Evaluate 2 + 1 - (-3 + 4 + -3).
5
-12 + 15 - (-3 - -4)
2
Evaluate (-14 - (-17 + 8)) + 0.
-5
-23 + 23 - (0 - 0) - 1
-1
What is 5 - ((5 - -2) + -5) - -3?
6
0 + (4 - 5 - -1) - 0
0
Evaluate 17 - 20 - (1 + 1 + -6).
1
Calculate 0 + -4 + (2 - (0 + -4)).
2
-1 + -5 + (2 - (5 + -5))
-4
Calculate 4 - ((-5 - 3) + 6).
6
(165 - 164) + (-1 - (0 + 2))
-2
Evaluate (0 - 3) + 4 + 0 + -4.
-3
What is -1 + 6 + 53 + -54?
4
Evaluate -7 + -4 + (0 + 6 - 6).
-11
What is the value of -9 + 9 + 5 + 0 + -2?
3
23 + -19 - (-1 + 5) - -6
6
Evaluate 8 + 4 + (1 - 15).
-2
Calculate 0 - (-3 + (4 - (-6 + 1))).
-6
What is the value of 15 - 4 - (-4 + 14)?
1
(0 - 0) + 1 - (0 + 5)
-4
Calculate (2 - 5) + 3 - 5.
-5
What is 0 + (5 - (11 + -2)) + 0?
-4
Calculate -2 + 5 + (0 - 2) + 3.
4
What is the value of -4 - (-2 + 4 + -4)?
-2
What is the value of -2 + 9 + -16 + 10 - 2?
-1
Calculate 3 + -3 - -2 - (4 - 0).
-2
Calculate -2 + -3 + (-5 - -2) - 2.
-10
Calculate 8 - (5 - 5 - -4).
4
-5 + -2 + (23 - 12)
4
Calculate 3 - (5 + -3 + -1 - -4).
-2
Evaluate -5 + -3 + 10 + -7 - -6.
1
Evaluate -8 - -2 - (-3 - -2).
-5
Evaluate -6 - (-3 + -5 + 4).
-2
Calculate 7 + 1 + -12 + 4 + -7.
-7
What is -5 - (-5 - (5 - 3)) - -3?
5
Evaluate -2 + 2 + 0 + -10.
-10
What is 0 + -2 + 55 + -56?
-3
(-3 - (4 + -12)) + 0
5
Evaluate -4 - -2 - (-2 + 6).
-6
What is the value of (9 + -7 - -2) + 2?
6
What is the value of -2 + (6 - (3 + 2))?
-1
What is the value of 5 + -2 + -23 + 19 - 2?
-3
Evaluate (-2 - -11) + (-2 - 6) + 5.
6
What is -1 + (21 - 9) + -9?
2
What is the value of -17 + 9 + (3 - -1)?
-4
What is the value of 4 - (-6 + 5 - -2)?
3
Calculate 1 + -6 + 7 + (0 - 1).
1
What is the value of 4 - (41 - 40 - (6 + 2))?
11
Evaluate -5 + (6 - 6) + 10.
5
Evaluate -2 + (-2 - (-5 - -4)).
-3
Calculate -2 + 1 + -35 + 31.
-5
-12 - (-3 + (-7 - (-4 + 1)))
-5
5 - 1 - (-3 + 5)
2
What is 10 + -4 + -2 + -3?
1
What is the value of -2 + (2 - 3 - 2)?
-5
What is -11 - -3 - (-6 + 1)?
-3
8 + -2 + 4 + -8
2
0 - (-2 - (3 + -4))
1
What is the value of 8 + (-7 - -4) - 7?
-2
Calculate 9 + ((2 - 10) + 5 - 0).
6
Calculate -3 + (8 - -1 - 7).
-1
Evaluate 3 + (6 - (-8 - -17)).
0
What is (-3 - (0 - -3)) + 2?
-4
(8 - 9) + (-2 - 2)
-5
What is the value of -3 - ((-6 - -1) + -1)?
3
What is the value of (-9 - -16) + (1 - 5 - -1)?
4
What is the value of -5 - (-7 - -14 - 3)?
-9
4 - 5 - (-1 - -1)
-1
Evaluate (-4 - -15) + -11 + 6.
6
What is the value of 1 + -5 + (-9 - -13)?
0
Calculate -6 + 4 + 7 - 4.
1
Evaluate (-28 - -31) + -1 + -7.
-5
Calculate -5 + 1 + 3 + 6.
5
(-1 - 0) + 9 + (-9 - -2)
1
What is the value of -3 - (1 - -3) - (-3 - 0)?
-4
-6 + (-8 - -5) + 5
-4
Evaluate (3 - 1) + (35 - 34) + -10.
-7
-2 - -1 - (5 - (7 - 2))
-1
What is 3 + 3 + -4 + (-1 - 1)?
0
(0 - -5) + (23 - 25)
3
Calculate 2 + (-1 + -3 - -3).
1
What is -11 - -23 - (3 - -3)?
6
Evaluate (10 + -2 - 4) + -8.
-4
-6 + (4 - (-2 + 2)) - 3
-5
(3 - 1) + 1 - (4 - -1)
-2
What is (-9 - -1) + (115 - 105)?
2
What is (-6 - (-15 - -7)) + (-1 - 2)?
-1
What is the value of 4 + -7 + -7 + 9?
-1
What is the value of -6 + 3 + -6 + 1?
-8
What is the value of -3 - (-3 - (5 - 3)) - 7?
-5
What is -3 - (2 - (-9 + (12 - 5)))?
-7
Calculate -2 - (3 + -9 + 3).
1
What is the value of -45 - -49 - (0 + 2)?
2
What is the value of 6 + (3 - 2) + -2?
5
Calculate 8 + -5 + (-3 - 4) + 4.
0
What is the value of 1 + -4 + (4 - (3 + 4))?
-6
Evaluate (1 - 4 - -1 - -4) + -1.
1
What is 12 + -8 + -7 + 0 - -3?
0
Calculate -83 + 83 + -2 + 4.
2
Calculate -8 + -3 + 11 + -5.
-5
Calculate (-3 - 8) + 17 + -11.
-5
(9 - 1) + -6 - -6
8
What is 1 + (-3 - -1) + -16 + 14?
-3
(6 - (14 + 12)) + 13
-7
What is -4 + 4 + -4 + 3?
-1
-3 - (3 + (-4 - (-2 + 4)))
0
Calculate -7 + 10 + 4 + 5 + -12.
0
(0 - 7) + 21 + -10 + 1
5
Evaluate (10 + -5 - 9) + 5.
1
What is the value of (3 - (10 + -3)) + 2?
-2
Evaluate (-7 - 5 - -16) + 1 + 3.
8
Evaluate (-12 - 0) + -21 + 28.
-5
What is the value of -1 + 1 - -7 - (46 + -40)?
1
What is 3 - ((-1 - 3) + 2)?
5
1 - ((-8 - (0 + -7)) + -4)
6
4 + (3 - (-4 + 2 + 2))
7
What is (5 - -1) + 5 - 2 - 2?
7
(0 - (4 + 3)) + 3
-4
What is the value of 0 + 1 - (51 - 44)?
-6
What is the value of (12 - -2) + -3 - (15 - 10)?
6
-1 - -16 - 6 - 15
-6
What is the value of (1 - (3 + -4)) + (-4 - -4)?
2
What is 2 + 0 - (-2 + 5 - -2)?
-3
Evaluate -10 + 2 + 8 + 7 + -1.
6
What is 3 - -1 - 6 - (-3 + -1)?
2
What is the value of -1 - (-3 - 0) - (19 + -19)?
2
Calculate 3 - (-6 + 12) - -6.
3
What is the value of (-5 - 4) + 4 - (-14 - -2)?
7
Evaluate 12 + 10 + (-3 - 15).
4
What is -2 - (0 - (3 - 1)) - 2?
-2
7 - ((7 - 2) + (-3 - -3))
2
Calculate 1 - (-1 - 0) - (-1 - -4).
-1
-8 + 5 - 2 - -1
-4
Evaluate 6 - (9 - 4) - (-6 + 2).
5
Calculate (-13 - -6) + 5 + (-6 - -9).
1
What is (0 + -2 - -5) + 2?
5
What is -5 - (3 + -8 - -2)?
-2
What is the value of (-1 - -4) + -3 + -23 + 30?
7
What is -9 + 2 + (-1 - (-11 - -5))?
-2
What is 1 - (4 - 2) - (-4 - 1)?
4
Evaluate -2 + (-1 - -1) + (4 - 4).
-2
0 - (-1 - (-7 - -5 - 3))
-4
What is the value of -2 + 1 + -3 + (-9 - -13)?
0
What is the value of 7 - (-10 + 23 + -12)?
6
What is the value of 5 + -17 - (-15 - -8)?
-5
What is the value of (-13 - (0 + -1)) + 7?
-5
0 - ((-3 - 0) + (16 - 8))
-5
What is the value of 0 + 0 + (-5 - -5)?
0
What is the value of 6 - ((4 - 4) + 3)?
3
Evaluate -11 + -5 + 13 - -3.
0
Evaluate (-9 - 2) + -1 + 5 - -5.
-2
What is the value of (-1 - (5 - 12)) + -6?
0
3 + (7 - 4) - 9
-3
What is the value of -1 - -3 - ((44 - 23) + -24)?
5
What is -6 - (-5 + -10 - -13)?
-4
-21 - -18 - (0 + -3) - -2
2
What is -2 + 11 + -17 + 5?
-3
-22 + 20 - (-1 + -5)
4
Evaluate 7 + (-5 + -3 - (-2 - 2)).
3
17 - 14 - (-1 + 7)
-3
Evaluate -5 - (-2 - (-1 + -1 + 0)).
-5
Calculate -2 - (-4 + (1 - 1) + 3).
-1
What is the value of 9 + -18 + -7 + 14?
-2
Evaluate 2 + 1 + (34 - 31).
6
Evaluate -2 + (1 - (-4 - -4)).
-1
Evaluate -3 - (4 - (13 + -4 + -1)).
1
What is 0 + 2 + 1 + -3?
0
Calculate 0 + -10 - -6 - (-7 + 3).
0
Evaluate (0 - -1 - 3) + (-5 - -11).
4
Evaluate 0 + 2 + (5 - 2) + -7.
-2
What is (-8 - -5 - 2) + 6?
1
What is 1 + -11 + (-10 - -29)?
9
Evaluate (-3 - 12) + 7 + 12.
4
Evaluate -4 - (3 + -5 - (-4 - -2)).
-4
1 + -1 + 3 + -5 + 4
2
What is the value of (20 - -1) + (27 - 35) - 6?
7
What is the value of 3 - 4 - (-12 + 8)?
3
Calculate (0 - 3) + (10 - 7).
0
What is the value of -1 + 5 + -2 + -6?
-4
What is -1 + (5 - -6) + -5?
5
What is 18 - (5 + (2 - -2))?
9
What is the value of -5 + 6 - (4 + (-2 - 1))?
0
What is -72 + 63 + 0 + 5?
-4
Evaluate -4 - (1 + -5 - -5).
-5
What is the value of -3 - (-6 - -6) - -5?
2
Calculate -4 - (3 + -11 - -10).
-6
3 + 1 + 6 + -4 + -6
0
Evaluate 17 - 12 - (1 - 0).
4
(2 + 13 - 11) + -2
2
-9 - (-7 - -3) - (-2 - -